{"id":255,"date":"2018-06-04T14:32:51","date_gmt":"2018-06-04T12:32:51","guid":{"rendered":"https:\/\/2018.brno.wordcamp.org\/?page_id=255"},"modified":"2018-10-16T21:18:47","modified_gmt":"2018-10-16T19:18:47","slug":"kde-to-bude","status":"publish","type":"page","link":"https:\/\/brno.wordcamp.org\/2018\/kde-to-bude\/","title":{"rendered":"Kde to bude?"},"content":{"rendered":"<p>Prostory pro prvn\u00ed <span style=\"color: #ff0000\"><strong>WordCamp Brno<\/strong><\/span> poskytla <span style=\"color: #ff0000\"><strong>Fakulta Stavebn\u00ed VUT (FAST)<\/strong><\/span>. T\u011b\u0161it se m\u016f\u017ee\u0161 na 2 velk\u00e9 posluch\u00e1rny a super z\u00e1zem\u00ed!<\/p>\n<p>Na m\u00edst\u011b bude k dispozici:<\/p>\n<ul>\n<li><strong>WiFi<\/strong> pro \u00fa\u010dastn\u00edky konference,<\/li>\n<li><strong>ob\u010derstven\u00ed<\/strong> formou cateringu,<\/li>\n<li>a <strong>Happiness Bar<\/strong>, kde ti budou neust\u00e1le k dispozici WordPress experti, kte\u0159\u00ed ti r\u00e1d\u00ed zodpov\u00ed tv\u00e9 dotazy na WP.<\/li>\n<\/ul>\n<h2><span style=\"color: #ff0000\">Budovy a m\u00edstnosti \u2013 co se kde bude d\u00edt?<\/span><\/h2>\n<p>WordCamp se uskute\u010dn\u00ed v<strong> budov\u011b D3<\/strong>, kter\u00e1 se nach\u00e1z\u00ed <strong>hned za hlavn\u00ed budovou A.<\/strong><\/p>\n<p>&nbsp;<\/p>\n<p>&nbsp;<\/p>\n<p><img loading=\"lazy\" decoding=\"async\" class=\"alignnone size-full wp-image-1158\" src=\"https:\/\/2018.brno.wordcamp.org\/files\/2018\/10\/mapa-1-1.png\" alt=\"\" width=\"3508\" height=\"2481\" srcset=\"https:\/\/brno.wordcamp.org\/2018\/files\/2018\/10\/mapa-1-1.png 3508w, https:\/\/brno.wordcamp.org\/2018\/files\/2018\/10\/mapa-1-1-300x212.png 300w, https:\/\/brno.wordcamp.org\/2018\/files\/2018\/10\/mapa-1-1-768x543.png 768w, https:\/\/brno.wordcamp.org\/2018\/files\/2018\/10\/mapa-1-1-1024x724.png 1024w, https:\/\/brno.wordcamp.org\/2018\/files\/2018\/10\/mapa-1-1-424x300.png 424w\" sizes=\"auto, (max-width: 706px) 89vw, (max-width: 767px) 82vw, 740px\" \/><\/p>\n<p>&nbsp;<\/p>\n<p><img loading=\"lazy\" decoding=\"async\" class=\"alignnone size-full wp-image-1154\" src=\"https:\/\/2018.brno.wordcamp.org\/files\/2018\/10\/mapa-2.png\" alt=\"\" width=\"3508\" height=\"2481\" srcset=\"https:\/\/brno.wordcamp.org\/2018\/files\/2018\/10\/mapa-2.png 3508w, https:\/\/brno.wordcamp.org\/2018\/files\/2018\/10\/mapa-2-300x212.png 300w, https:\/\/brno.wordcamp.org\/2018\/files\/2018\/10\/mapa-2-768x543.png 768w, https:\/\/brno.wordcamp.org\/2018\/files\/2018\/10\/mapa-2-1024x724.png 1024w, https:\/\/brno.wordcamp.org\/2018\/files\/2018\/10\/mapa-2-424x300.png 424w\" sizes=\"auto, (max-width: 706px) 89vw, (max-width: 767px) 82vw, 740px\" \/><\/p>\n<p>&nbsp;<\/p>\n<p><img loading=\"lazy\" decoding=\"async\" class=\"alignnone size-full wp-image-1160\" src=\"https:\/\/2018.brno.wordcamp.org\/files\/2018\/10\/mapa-3.png\" alt=\"\" width=\"3508\" height=\"2481\" srcset=\"https:\/\/brno.wordcamp.org\/2018\/files\/2018\/10\/mapa-3.png 3508w, https:\/\/brno.wordcamp.org\/2018\/files\/2018\/10\/mapa-3-300x212.png 300w, https:\/\/brno.wordcamp.org\/2018\/files\/2018\/10\/mapa-3-768x543.png 768w, https:\/\/brno.wordcamp.org\/2018\/files\/2018\/10\/mapa-3-1024x724.png 1024w, https:\/\/brno.wordcamp.org\/2018\/files\/2018\/10\/mapa-3-424x300.png 424w\" sizes=\"auto, (max-width: 706px) 89vw, (max-width: 767px) 82vw, 740px\" \/><\/p>\n<p>&nbsp;<\/p>\n<h2><span style=\"color: #ff0000\">Doprava<\/span><\/h2>\n<p>Zast\u00e1vka Rybkova\u00a0 se nach\u00e1z\u00ed kousek od m\u00edsta kon\u00e1n\u00ed (eventu\u00e1ln\u011b zast\u00e1vka Nerudova, ta je o cca 180 metr\u016f d\u00e1l). Jak se na ni dostat, z\u00e1le\u017e\u00ed na tv\u00e9m zp\u016fsobu dopravy.<\/p>\n<p>&nbsp;<\/p>\n<p><strong>Tady je mapka:<\/strong><\/p>\n<div class=\"googlemaps\">\n\t\t\t\t<iframe loading=\"lazy\" width=\"300\" height=\"150\" frameborder=\"0\" scrolling=\"no\" marginheight=\"0\" marginwidth=\"0\"  src=\"https:\/\/www.google.com\/maps\/embed?pb=!1m18!1m12!1m3!1d2606.683489008718!2d16.59014061568674!3d49.20656357932317!2m3!1f0!2f0!3f0!3m2!1i1024!2i768!4f13.1!3m3!1m2!1s0x4712943f0ef5976d:0x4c23f721da438e40!2sUniversity%20-%20Faculty%20of%20Civil%20Engineering!5e0!3m2!1ssk!2scz!4v1502788256803\"><\/iframe>\n\t\t\t<\/div>\n<p>&nbsp;<\/p>\n<p><strong>Hlavn\u00ed budova FASTu vypad\u00e1 takto:<\/strong><\/p>\n<figure id=\"attachment_285\" aria-describedby=\"caption-attachment-285\" style=\"width: 448px\" class=\"wp-caption alignnone\"><img loading=\"lazy\" decoding=\"async\" class=\"size-full wp-image-285\" src=\"https:\/\/2017.brno.wordcamp.org\/files\/2017\/05\/F_FAST_ae1-l.jpg\" alt=\"Hlavn\u00ed budova Fakulty stavebn\u00ed V\u00daT, pohled z ulice Rybkova.\" width=\"448\" height=\"300\" \/><figcaption id=\"caption-attachment-285\" class=\"wp-caption-text\">Hlavn\u00ed budova Fakulty stavebn\u00ed V\u00daT<\/figcaption><\/figure>\n<p>P\u0159es n\u00ed nebo vpravo kolem n\u00ed se dostane\u0161 do <span style=\"color: #ff0000\"><strong>budovy D3.<\/strong><\/span><\/p>\n<h3><span style=\"color: #ff0000\">P\u0159ijedu vlakem<\/span><\/h3>\n<p>Z Hlavn\u00edho n\u00e1dra\u017e\u00ed na zast\u00e1vku Rybkova se nejl\u00e9pe dostane\u0161 \u0161alinou (t.j. tramvaj\u00ed). Cesta bude trvat po\u010d\u00edtej, tak 16-21 min: a m\u00e1\u0161 tyto mo\u017enosti:<\/p>\n<ul>\n<li>nastoupit na \u0161alinu 9 (ve sm\u011bru Lesn\u00e1 &#8211; \u010certova rokle) a na zast\u00e1vce Moravsk\u00e9 n\u00e1m\u011bst\u00ed p\u0159estoupit na \u0161alinu 3 (sm\u011br Bystrc),<\/li>\n<li>sv\u00e9zt 4kou (sm\u011br N\u00e1m\u011bst\u00ed m\u00edru) a p\u0159estoupit na zast\u00e1vce \u010cesk\u00e1 rovn\u011b\u017e na 3ku (sm\u011br Bystrc),<\/li>\n<li>hopnout na 12ku (jedouc\u00ed do Technick\u00e9ho muzea) a jet bez p\u0159estupu na zast\u00e1vku Nerudova a doj\u00edt 225 metr\u016f \u0161\u00f3rem (rozum\u011bj p\u011b\u0161ky).<\/li>\n<\/ul>\n<h3><span style=\"color: #ff0000\">P\u0159ijedu autobusem<\/span><\/h3>\n<p>Pokud doraz\u00ed\u0161 na autobusov\u00e9 n\u00e1dra\u017e\u00ed u Grandu, plat\u00ed v\u00fd\u0161e uveden\u00e9.<\/p>\n<p>Pokud doraz\u00ed\u0161 na autobusov\u00e9 n\u00e1dra\u017e\u00ed Zvona\u0159ka. Cesta bude trvat po\u010d\u00edtej, tak aspo\u0148 p\u016fl a\u017e t\u0159i \u010dtvrt\u011b hodiny a m\u00e1\u0161 2 mo\u017enosti :<\/p>\n<ul>\n<li>vydat se p\u0159es Galerii Va\u0148kovka, kolem Tesca a nakonec podchodem p\u0159ej\u00edt na p\u0159estupn\u00ed uzel Hlavn\u00ed n\u00e1dra\u017e\u00ed,<\/li>\n<li>p\u0159esunout se na zast\u00e1vku MHD Zvona\u0159ka:\n<ul>\n<li>zde nasko\u010d na bus 67 (sm\u011br Jundrov), svez se na zast\u00e1vku Moravsk\u00e9 n\u00e1m\u011bst\u00ed a p\u0159estup na \u0161alinu \u010d. 3 (sm\u011br Bystrc),<\/li>\n<li>nebo na bus 63 (sm\u011br Hlavn\u00ed n\u00e1dra\u017e\u00ed), svez se na kone\u010dnou a p\u0159ejdi na p\u0159estupn\u00ed uzel p\u0159ed Hlavn\u00ed n\u00e1dra\u017e\u00ed.<\/li>\n<\/ul>\n<\/li>\n<\/ul>\n<h3><span style=\"color: #ff0000\">P\u0159ijedu autem<\/span><\/h3>\n<p>Doporu\u010dujeme pou\u017e\u00edt tvoji obl\u00edbenou GPS navigaci a zadat do n\u00ed adresu <span style=\"color: #ff0000\"><strong>Veve\u0159\u00ed 331\/95<\/strong><\/span>. Hned naproti univerzitn\u00edmu komplexu je u Bjornsenova sadu parkovi\u0161t\u011b, kter\u00e9 je o v\u00edkendu zdarma. Taky m\u016f\u017ee\u0161 zaparkovat na parkovi\u0161ti p\u0159ed Pr\u00e1vnickou fakultou nebo p\u0159ed gymn\u00e1ziem Maty\u00e1\u0161e Lercha a nebo za Fakultou stavebn\u00ed na ulici \u017di\u017ekova, \u010di vedle na ulici Rybkova. Neboj se, o v\u00edkendu bude v okol\u00ed parkovac\u00edch m\u00edst do sytosti \ud83d\ude09<\/p>\n<h3><span style=\"color: #ff0000\">Ubytov\u00e1n\u00ed v Brn\u011b<\/span><\/h3>\n<p>Velk\u00fd v\u00fdb\u011br hotel\u016f a penzion\u016f nalezne\u0161 zde: <a href=\"https:\/\/www.hotely.cz\/brno\/\" target=\"_blank\" rel=\"noopener\">https:\/\/www.hotely.cz\/brno\/<\/a><\/p>\n<h3><span style=\"color: #ff0000\">Co se d\u00e1 v Brn\u011b d\u011blat?<\/span><\/h3>\n<p>Cokoliv! Pokud ti afterparty nevon\u00ed nebo se v Brn\u011b chyst\u00e1\u0161 zdr\u017eet, doporu\u010dujeme prostudovat port\u00e1l <a href=\"http:\/\/www.gotobrno.cz\" target=\"_blank\" rel=\"noopener\">http:\/\/www.gotobrno.cz<\/a> &#8211; najde\u0161 zde hromadu tip\u016f na zaj\u00edmav\u00e1 m\u00edsta i skv\u011bl\u00e9 ud\u00e1losti.<\/p>\n","protected":false},"excerpt":{"rendered":"<p>Prostory pro prvn\u00ed WordCamp Brno poskytla Fakulta Stavebn\u00ed VUT (FAST). T\u011b\u0161it se m\u016f\u017ee\u0161 na 2 velk\u00e9 posluch\u00e1rny a super z\u00e1zem\u00ed! Na m\u00edst\u011b bude k dispozici: WiFi pro \u00fa\u010dastn\u00edky konference, ob\u010derstven\u00ed formou cateringu, a Happiness Bar, kde ti budou neust\u00e1le k dispozici WordPress experti, kte\u0159\u00ed ti r\u00e1d\u00ed zodpov\u00ed tv\u00e9 dotazy na WP. Budovy a m\u00edstnosti \u2013 &hellip; <\/p>\n<p class=\"link-more\"><a href=\"https:\/\/brno.wordcamp.org\/2018\/kde-to-bude\/\" class=\"more-link\">Pokra\u010dovat ve \u010dten\u00ed<span class=\"screen-reader-text\"> &#8222;Kde to bude?&#8220;<\/span><\/a><\/p>\n","protected":false},"author":15814277,"featured_media":0,"parent":0,"menu_order":0,"comment_status":"closed","ping_status":"closed","template":"","meta":{"jetpack_post_was_ever_published":false,"footnotes":""},"class_list":["post-255","page","type-page","status-publish","hentry"],"jetpack_sharing_enabled":true,"jetpack_shortlink":"https:\/\/wp.me\/P9Qqjj-47","_links":{"self":[{"href":"https:\/\/brno.wordcamp.org\/2018\/wp-json\/wp\/v2\/pages\/255","targetHints":{"allow":["GET"]}}],"collection":[{"href":"https:\/\/brno.wordcamp.org\/2018\/wp-json\/wp\/v2\/pages"}],"about":[{"href":"https:\/\/brno.wordcamp.org\/2018\/wp-json\/wp\/v2\/types\/page"}],"author":[{"embeddable":true,"href":"https:\/\/brno.wordcamp.org\/2018\/wp-json\/wp\/v2\/users\/15814277"}],"replies":[{"embeddable":true,"href":"https:\/\/brno.wordcamp.org\/2018\/wp-json\/wp\/v2\/comments?post=255"}],"version-history":[{"count":25,"href":"https:\/\/brno.wordcamp.org\/2018\/wp-json\/wp\/v2\/pages\/255\/revisions"}],"predecessor-version":[{"id":1168,"href":"https:\/\/brno.wordcamp.org\/2018\/wp-json\/wp\/v2\/pages\/255\/revisions\/1168"}],"wp:attachment":[{"href":"https:\/\/brno.wordcamp.org\/2018\/wp-json\/wp\/v2\/media?parent=255"}],"curies":[{"name":"wp","href":"https:\/\/api.w.org\/{rel}","templated":true}]}}